{"id":138,"date":"2012-04-21T19:35:34","date_gmt":"2012-04-21T17:35:34","guid":{"rendered":"http:\/\/www.inamo.at\/wp\/?page_id=138"},"modified":"2012-12-01T14:48:52","modified_gmt":"2012-12-01T13:48:52","slug":"gesamtverkehrskonzept-linz-ov-inamo","status":"publish","type":"page","link":"http:\/\/www.inamo.at\/wp\/grossraum-linz\/gesamtverkehrskonzept-linz\/gesamtverkehrskonzept-linz-ov-inamo\/","title":{"rendered":"Gesamtverkehrskonzept Linz \u00d6V INAMO"},"content":{"rendered":"<p>Langfassung (42 Seiten) der \u00dcberlegungen zu einem Gesamtverkehrskonzept \u00d6V Gro\u00dfraum Linz:<\/p>\n<p><a href=\"http:\/\/www.inamo.at\/wp\/wp-content\/uploads\/GVKL_INAMO_Feb2012.pdf\">GVKL_INAMO_Feb2012<\/a><\/p>\n<p>Diese \u00dcberlegungen wurden im Februar 2012 im Rahmen einer Pressekonferenz pr\u00e4sentiert und der Politik in Stadt und Land \u00fcbergeben.<\/p>\n<p>2 Monate sp\u00e4ter wurde das schon l\u00e4nger in Diskussion befindliche Konzept\u00a0 des Landes O\u00d6 (<a href=\"http:\/\/www.inamo.at\/wp\/?page_id=132\">link<\/a>) ver\u00f6ffentlicht.<\/p>\n","protected":false},"excerpt":{"rendered":"<p>Langfassung (42 Seiten) der \u00dcberlegungen zu einem Gesamtverkehrskonzept \u00d6V Gro\u00dfraum Linz: GVKL_INAMO_Feb2012 Diese \u00dcberlegungen wurden im Februar 2012 im Rahmen einer Pressekonferenz pr\u00e4sentiert und der Politik in Stadt und Land \u00fcbergeben. 2 Monate sp\u00e4ter wurde das schon l\u00e4nger in Diskussion &hellip; <a href=\"http:\/\/www.inamo.at\/wp\/grossraum-linz\/gesamtverkehrskonzept-linz\/gesamtverkehrskonzept-linz-ov-inamo\/\">Weiterlesen <span class=\"meta-nav\">&rarr;<\/span><\/a><\/p>\n","protected":false},"author":1,"featured_media":0,"parent":82,"menu_order":0,"comment_status":"open","ping_status":"open","template":"","meta":{"footnotes":""},"class_list":["post-138","page","type-page","status-publish","hentry"],"_links":{"self":[{"href":"http:\/\/www.inamo.at\/wp\/wp-json\/wp\/v2\/pages\/138","targetHints":{"allow":["GET"]}}],"collection":[{"href":"http:\/\/www.inamo.at\/wp\/wp-json\/wp\/v2\/pages"}],"about":[{"href":"http:\/\/www.inamo.at\/wp\/wp-json\/wp\/v2\/types\/page"}],"author":[{"embeddable":true,"href":"http:\/\/www.inamo.at\/wp\/wp-json\/wp\/v2\/users\/1"}],"replies":[{"embeddable":true,"href":"http:\/\/www.inamo.at\/wp\/wp-json\/wp\/v2\/comments?post=138"}],"version-history":[{"count":5,"href":"http:\/\/www.inamo.at\/wp\/wp-json\/wp\/v2\/pages\/138\/revisions"}],"predecessor-version":[{"id":197,"href":"http:\/\/www.inamo.at\/wp\/wp-json\/wp\/v2\/pages\/138\/revisions\/197"}],"up":[{"embeddable":true,"href":"http:\/\/www.inamo.at\/wp\/wp-json\/wp\/v2\/pages\/82"}],"wp:attachment":[{"href":"http:\/\/www.inamo.at\/wp\/wp-json\/wp\/v2\/media?parent=138"}],"curies":[{"name":"wp","href":"https:\/\/api.w.org\/{rel}","templated":true}]}}

Gesamtverkehrskonzept Linz ÖV INAMO

<p>Langfassung (42 Seiten) der Überlegungen zu einem Gesamtverkehrskonzept ÖV Großraum Linz:</p>
<p><a href="http://www.inamo.at/wp/wp-content/uploads/GVKL_INAMO_Feb2012.pdf">GVKL_INAMO_Feb2012</a></p>
<p>Diese Überlegungen wurden im Februar 2012 im Rahmen einer Pressekonferenz präsentiert und der Politik in Stadt und Land übergeben.</p>
<p>2 Monate später wurde das schon länger in Diskussion befindliche Konzept  des Landes OÖ (<a href="http://www.inamo.at/wp/?page_id=132">link</a>) veröffentlicht.</p>

<p>Langfassung (42 Seiten) der Überlegungen zu einem Gesamtverkehrskonzept ÖV Großraum Linz: GVKL_INAMO_Feb2012 Diese Überlegungen wurden im Februar 2012 im Rahmen einer Pressekonferenz präsentiert und der Politik in Stadt und Land übergeben. 2 Monate später wurde das schon länger in Diskussion &hellip; <a href="http://www.inamo.at/wp/grossraum-linz/gesamtverkehrskonzept-linz/gesamtverkehrskonzept-linz-ov-inamo/">Weiterlesen <span class="meta-nav">&rarr;</span></a></p>
